[INFO] cloning repository https://github.com/MelonShooter/chess-burd
[INFO] running `Command { std: "git" "-c" "credential.helper=" "-c" "credential.helper=/workspace/cargo-home/bin/git-credential-null" "clone" "--bare" "https://github.com/MelonShooter/chess-burd" "/workspace/cache/git-repos/https%3A%2F%2Fgithub.com%2FMelonShooter%2Fchess-burd", kill_on_drop: false }`
[INFO] [stderr] Cloning into bare repository '/workspace/cache/git-repos/https%3A%2F%2Fgithub.com%2FMelonShooter%2Fchess-burd'...
[INFO] running `Command { std: "git" "rev-parse" "HEAD", kill_on_drop: false }`
[INFO] [stdout] 68ceef8fd0ceaaaa9961d935b7935c4b3a7164db
[INFO] checking MelonShooter/chess-burd against master#e6e4f7ed1589e03bc2f6c5931c1a72e7947e8682 for beta-170-4
[INFO] running `Command { std: "git" "clone" "/workspace/cache/git-repos/https%3A%2F%2Fgithub.com%2FMelonShooter%2Fchess-burd" "/workspace/builds/worker-7-tc2/source", kill_on_drop: false }`
[INFO] [stderr] Cloning into '/workspace/builds/worker-7-tc2/source'...
[INFO] [stderr] done.
[INFO] validating manifest of git repo https://github.com/MelonShooter/chess-burd on toolchain e6e4f7ed1589e03bc2f6c5931c1a72e7947e8682
[INFO] running `Command { std: CARGO_HOME="/workspace/cargo-home" RUSTUP_HOME="/workspace/rustup-home" "/workspace/cargo-home/bin/cargo" "+e6e4f7ed1589e03bc2f6c5931c1a72e7947e8682" "metadata" "--manifest-path" "Cargo.toml" "--no-deps", kill_on_drop: false }`
[INFO] started tweaking git repo https://github.com/MelonShooter/chess-burd
[INFO] finished tweaking git repo https://github.com/MelonShooter/chess-burd
[INFO] tweaked toml for git repo https://github.com/MelonShooter/chess-burd written to /workspace/builds/worker-7-tc2/source/Cargo.toml
[INFO] crate git repo https://github.com/MelonShooter/chess-burd already has a lockfile, it will not be regenerated
[INFO] running `Command { std: CARGO_HOME="/workspace/cargo-home" RUSTUP_HOME="/workspace/rustup-home" "/workspace/cargo-home/bin/cargo" "+e6e4f7ed1589e03bc2f6c5931c1a72e7947e8682" "fetch" "--manifest-path" "Cargo.toml", kill_on_drop: false }`
[INFO] running `Command { std: "docker" "create" "-v" "/var/lib/crater-agent-workspace/builds/worker-7-tc2/target:/opt/rustwide/target:rw,Z" "-v" "/var/lib/crater-agent-workspace/builds/worker-7-tc2/source:/opt/rustwide/workdir:ro,Z" "-v" "/var/lib/crater-agent-workspace/cargo-home:/opt/rustwide/cargo-home:ro,Z" "-v" "/var/lib/crater-agent-workspace/rustup-home:/opt/rustwide/rustup-home:ro,Z" "-e" "SOURCE_DIR=/opt/rustwide/workdir" "-e" "CARGO_TARGET_DIR=/opt/rustwide/target" "-e" "CARGO_HOME=/opt/rustwide/cargo-home" "-e" "RUSTUP_HOME=/opt/rustwide/rustup-home" "-w" "/opt/rustwide/workdir" "-m" "1610612736" "--user" "0:0" "--network" "none" "ghcr.io/rust-lang/crates-build-env/linux@sha256:19e73879b68f455e41552ea35293514db52ea292d993f571636dbffedb77a1ee" "/opt/rustwide/cargo-home/bin/cargo" "+e6e4f7ed1589e03bc2f6c5931c1a72e7947e8682" "metadata" "--no-deps" "--format-version=1", kill_on_drop: false }`
[INFO] [stdout] 92b0e0e589aad5db67d153b14113d5131275afd4d975ba84bca5aa353e061937
[INFO] running `Command { std: "docker" "start" "-a" "92b0e0e589aad5db67d153b14113d5131275afd4d975ba84bca5aa353e061937", kill_on_drop: false }`
[INFO] running `Command { std: "docker" "inspect" "92b0e0e589aad5db67d153b14113d5131275afd4d975ba84bca5aa353e061937", kill_on_drop: false }`
[INFO] running `Command { std: "docker" "rm" "-f" "92b0e0e589aad5db67d153b14113d5131275afd4d975ba84bca5aa353e061937", kill_on_drop: false }`
[INFO] [stdout] 92b0e0e589aad5db67d153b14113d5131275afd4d975ba84bca5aa353e061937
[INFO] running `Command { std: "docker" "create" "-v" "/var/lib/crater-agent-workspace/builds/worker-7-tc2/target:/opt/rustwide/target:rw,Z" "-v" "/var/lib/crater-agent-workspace/builds/worker-7-tc2/source:/opt/rustwide/workdir:ro,Z" "-v" "/var/lib/crater-agent-workspace/cargo-home:/opt/rustwide/cargo-home:ro,Z" "-v" "/var/lib/crater-agent-workspace/rustup-home:/opt/rustwide/rustup-home:ro,Z" "-e" "SOURCE_DIR=/opt/rustwide/workdir" "-e" "CARGO_TARGET_DIR=/opt/rustwide/target" "-e" "CARGO_INCREMENTAL=0" "-e" "RUST_BACKTRACE=full" "-e" "RUSTFLAGS=--cap-lints=forbid" "-e" "RUSTDOCFLAGS=--cap-lints=forbid" "-e" "CARGO_HOME=/opt/rustwide/cargo-home" "-e" "RUSTUP_HOME=/opt/rustwide/rustup-home" "-w" "/opt/rustwide/workdir" "-m" "1610612736" "--user" "0:0" "--network" "none" "ghcr.io/rust-lang/crates-build-env/linux@sha256:19e73879b68f455e41552ea35293514db52ea292d993f571636dbffedb77a1ee" "/opt/rustwide/cargo-home/bin/cargo" "+e6e4f7ed1589e03bc2f6c5931c1a72e7947e8682" "check" "--frozen" "--all" "--all-targets" "--message-format=json", kill_on_drop: false }`
[INFO] [stdout] 34c2f6c90c620645af71edf22dfa23bca449bdf8898580dc3eef717b00b80871
[INFO] running `Command { std: "docker" "start" "-a" "34c2f6c90c620645af71edf22dfa23bca449bdf8898580dc3eef717b00b80871", kill_on_drop: false }`
[INFO] [stderr]    Compiling libc v0.2.91
[INFO] [stderr]    Compiling syn v1.0.64
[INFO] [stderr]    Compiling cc v1.0.67
[INFO] [stderr]    Compiling memchr v2.3.4
[INFO] [stderr]     Checking pin-project-lite v0.2.6
[INFO] [stderr]    Compiling proc-macro2 v1.0.24
[INFO] [stderr]     Checking bytes v1.0.1
[INFO] [stderr]     Checking untrusted v0.7.1
[INFO] [stderr]     Checking once_cell v1.7.2
[INFO] [stderr]     Checking spin v0.5.2
[INFO] [stderr]    Compiling tokio v1.4.0
[INFO] [stderr]     Checking futures-sink v0.3.13
[INFO] [stderr]     Checking futures-core v0.3.13
[INFO] [stderr]     Checking matches v0.1.8
[INFO] [stderr]     Checking http v0.2.3
[INFO] [stderr]    Compiling quote v1.0.9
[INFO] [stderr]     Checking futures-channel v0.3.13
[INFO] [stderr]    Compiling httparse v1.3.5
[INFO] [stderr]     Checking futures-io v0.3.13
[INFO] [stderr]     Checking futures-task v0.3.13
[INFO] [stderr]    Compiling serde_derive v1.0.125
[INFO] [stderr]     Checking tinyvec v1.1.1
[INFO] [stderr]     Checking mio v0.7.11
[INFO] [stderr]    Compiling ring v0.16.20
[INFO] [stderr]     Checking getrandom v0.1.16
[INFO] [stderr]    Compiling indexmap v1.6.2
[INFO] [stderr]    Compiling failure_derive v0.1.8
[INFO] [stderr]    Compiling serde v1.0.125
[INFO] [stderr]     Checking form_urlencoded v1.0.1
[INFO] [stderr]     Checking tracing-core v0.1.17
[INFO] [stderr]    Compiling rand_core v0.5.1
[INFO] [stderr]     Checking unicode-normalization v0.1.17
[INFO] [stderr]     Checking unicode-bidi v0.3.4
[INFO] [stderr]    Compiling adler v1.0.2
[INFO] [stderr]    Compiling gimli v0.23.0
[INFO] [stderr]    Compiling miniz_oxide v0.4.4
[INFO] [stderr]    Compiling object v0.23.0
[INFO] [stderr]    Compiling rustc-demangle v0.1.18
[INFO] [stderr]     Checking idna v0.2.2
[INFO] [stderr]     Checking rand_chacha v0.2.2
[INFO] [stderr]    Compiling mime_guess v2.0.3
[INFO] [stderr]     Checking rand_pcg v0.2.1
[INFO] [stderr]     Checking url v2.2.1
[INFO] [stderr]     Checking http-body v0.4.1
[INFO] [stderr]     Checking block-buffer v0.9.0
[INFO] [stderr]     Checking socket2 v0.3.19
[INFO] [stderr]    Compiling num-integer v0.1.44
[INFO] [stderr]    Compiling encoding_rs v0.8.28
[INFO] [stderr]    Compiling crc32fast v1.2.1
[INFO] [stderr]     Checking httpdate v0.3.2
[INFO] [stderr]     Checking cpuid-bool v0.1.2
[INFO] [stderr]    Compiling serde_json v1.0.64
[INFO] [stderr]     Checking sha-1 v0.9.4
[INFO] [stderr]    Compiling addr2line v0.14.1
[INFO] [stderr]     Checking input_buffer v0.3.1
[INFO] [stderr]    Compiling rand v0.7.3
[INFO] [stderr]    Compiling backtrace v0.3.56
[INFO] [stderr]     Checking utf-8 v0.7.5
[INFO] [stderr]    Compiling synstructure v0.12.4
[INFO] [stderr]     Checking base64 v0.12.3
[INFO] [stderr]    Compiling async-trait v0.1.48
[INFO] [stderr]     Checking tungstenite v0.11.1
[INFO] [stderr]     Checking webpki v0.21.4
[INFO] [stderr]     Checking sct v0.6.0
[INFO] [stderr]     Checking time v0.1.44
[INFO] [stderr]     Checking rustls v0.19.0
[INFO] [stderr]     Checking webpki-roots v0.21.0
[INFO] [stderr]     Checking webpki-roots v0.20.0
[INFO] [stderr]     Checking ipnet v2.3.0
[INFO] [stderr]    Compiling serenity v0.10.4
[INFO] [stderr]     Checking flate2 v1.0.20
[INFO] [stderr]     Checking nodrop v0.1.14
[INFO] [stderr]     Checking uwl v0.6.0
[INFO] [stderr]     Checking typemap_rev v0.1.4
[INFO] [stderr]     Checking arrayvec v0.5.2
[INFO] [stderr]    Compiling tokio-macros v1.1.0
[INFO] [stderr]    Compiling futures-macro v0.3.13
[INFO] [stderr]    Compiling tracing-attributes v0.1.15
[INFO] [stderr]    Compiling pin-project-internal v1.0.5
[INFO] [stderr]     Checking futures-util v0.3.13
[INFO] [stderr]    Compiling failure v0.1.8
[INFO] [stderr]     Checking tracing v0.1.25
[INFO] [stderr]    Compiling command_attr v0.3.4
[INFO] [stderr]    Compiling chess v3.2.0
[INFO] [stderr]     Checking pin-project v1.0.5
[INFO] [stderr]     Checking tokio-util v0.6.5
[INFO] [stderr]     Checking tokio-rustls v0.22.0
[INFO] [stderr]     Checking futures v0.3.13
[INFO] [stderr]     Checking h2 v0.3.2
[INFO] [stderr]     Checking async-tungstenite v0.11.0
[INFO] [stderr]     Checking serde_urlencoded v0.7.0
[INFO] [stderr]     Checking chrono v0.4.19
[INFO] [stderr]     Checking hyper v0.14.4
[INFO] [stderr]     Checking hyper-rustls v0.22.1
[INFO] [stderr]     Checking reqwest v0.11.2
[INFO] [stderr]     Checking chess_burd v0.1.0 (/opt/rustwide/workdir)
[INFO] [stdout] error[E0583]: file not found for module `secret`
[INFO] [stdout]  --> src/main.rs:3:1
[INFO] [stdout]   |
[INFO] [stdout] 3 | pub mod secret;
[INFO] [stdout]   | ^^^^^^^^^^^^^^^
[INFO] [stdout]   |
[INFO] [stdout]   = help: to create the module `secret`, create file "src/secret.rs" or "src/secret/mod.rs"
[INFO] [stdout] 
[INFO] [stdout] 
[INFO] [stdout] error[E0583]: file not found for module `secret`
[INFO] [stdout]  --> src/main.rs:3:1
[INFO] [stdout]   |
[INFO] [stdout] 3 | pub mod secret;
[INFO] [stdout]   | ^^^^^^^^^^^^^^^
[INFO] [stdout]   |
[INFO] [stdout]   = help: to create the module `secret`, create file "src/secret.rs" or "src/secret/mod.rs"
[INFO] [stdout] 
[INFO] [stdout] 
[INFO] [stdout] error[E0425]: cannot find value `TOKEN` in module `secret`
[INFO] [stdout]  --> src/main.rs:8:42
[INFO] [stdout]   |
[INFO] [stdout] 8 |     let client = Client::builder(secret::TOKEN);
[INFO] [stdout]   |                                          ^^^^^ not found in `secret`
[INFO] [stdout] 
[INFO] [stdout] 
[INFO] [stdout] error[E0425]: cannot find value `TOKEN` in module `secret`
[INFO] [stdout]  --> src/main.rs:8:42
[INFO] [stdout]   |
[INFO] [stdout] 8 |     let client = Client::builder(secret::TOKEN);
[INFO] [stdout]   |                                          ^^^^^ not found in `secret`
[INFO] [stdout] 
[INFO] [stdout] 
[INFO] [stdout] error: aborting due to 2 previous errors
[INFO] [stdout] 
[INFO] [stdout] 
[INFO] [stdout] Some errors have detailed explanations: E0425, E0583.
[INFO] [stdout] 
[INFO] [stdout] For more information about an error, try `rustc --explain E0425`.
[INFO] [stdout] 
[INFO] [stdout] error: aborting due to 2 previous errors
[INFO] [stdout] 
[INFO] [stdout] 
[INFO] [stdout] Some errors have detailed explanations: E0425, E0583.
[INFO] [stdout] 
[INFO] [stdout] For more information about an error, try `rustc --explain E0425`.
[INFO] [stdout] 
[INFO] [stderr] error: could not compile `chess_burd` (bin "chess_burd") due to 3 previous errors
[INFO] [stderr] warning: build failed, waiting for other jobs to finish...
[INFO] [stderr] error: could not compile `chess_burd` (bin "chess_burd" test) due to 3 previous errors
[INFO] running `Command { std: "docker" "inspect" "34c2f6c90c620645af71edf22dfa23bca449bdf8898580dc3eef717b00b80871", kill_on_drop: false }`
[INFO] running `Command { std: "docker" "rm" "-f" "34c2f6c90c620645af71edf22dfa23bca449bdf8898580dc3eef717b00b80871", kill_on_drop: false }`
[INFO] [stdout] 34c2f6c90c620645af71edf22dfa23bca449bdf8898580dc3eef717b00b80871
